*2 + v - 2. What is b(9)?
7
Let v(i) = -i**2 - 7*i - 5. Give v(-8).
-13
Let x(a) = a**3 + 7*a**2 + 6*a + 6. What is x(-7)?
-36
Let d(z) = z**3 + 5*z**2 + 5*z - 1. Calculate d(-4).
-5
Let z(p) = p + 24. Give z(13).
37
Let c(m) = -2*m**3 - 35*m**2 - 15*m + 24. Calculate c(-17).
-10
Let u(s) = -s**2 - s + 4. Determine u(-3).
-2
Let l(q) = 4*q**3 + 5*q**2 + q + 7. What is l(-3)?
-59
Let h(q) = 19*q + 7. Give h(-2).
-31
Let u(c) = -4*c + 12. What is u(-3)?
24
Let q(y) = y**2 - 20*y + 63. Calculate q(4).
-1
Let j(b) = 3*b**3 - 38*b**2 + 21*b + 35. Calculate j(12).
-1
Let m(t) = -2*t + 16. What is m(8)?
0
Let l(y) = 2*y**3 + y**2 - 103*y - 13. Calculate l(7).
1
Let t(c) = -3*c**2 + 30*c + 7. Determine t(10).
7
Let k(j) = j**2 - 12*j + 7. What is k(7)?
-28
Let r(a) = -26*a - 1. Give r(1).
-27
Let k(z) = -22*z + 94. Give k(5).
-16
Let n(d) = d**2 + 13*d + 9. Give n(-13).
9
Let d(c) = -2*c**2 + 6*c + 19. What is d(-4)?
-37
Let p(u) = 27*u + 330. Determine p(-12).
6
Let v(y) = -y**3 - 5*y**2 + 8*y + 2. Determine v(-6).
-10
Let l(x) = x + 34. What is l(-11)?
23
Let w(d) = 44*d - 22. Determine w(-5).
-242
Let c(r) = -r**2 + 57. Calculate c(-8).
-7
Let c(k) = 2*k**3 + 17*k**2 - 10*k - 11. Give c(-9).
-2
Let b(v) = 4*v + 6. Calculate b(0).
6
Let a(x) = x**2 - 16*x + 12. Determine a(15).
-3
Let u(p) = -3*p - 13. What is u(-6)?
5
Let j(a) = a**2 - 7. Give j(7).
42
Let x(d) = 2*d**3 - 47*d**2 - 24*d + 9. Calculate x(24).
9
Let v(l) = -63*l - 1. Calculate v(1).
-64
Let f(c) = -3*c**2 - 15*c + 39. What is f(-9)?
-69
Let r(y) = -y**3 + 6*y**2 + 2*y - 6. Determine r(6).
6
Let c(r) = -r**2 + 6*r + 22. Calculate c(9).
-5
Let f(u) = 14*u - 453. Give f(33).
9
Let d(n) = -4*n - 6. Give d(16).
-70
Let u(p) = -p**3 - 8*p**2 - 2*p - 16. Give u(-8).
0
Let h(r) = 8*r - 118. Calculate h(18).
26
Let x(b) = b**3 - 10*b**2 - 7*b - 218. Determine x(12).
-14
Let v(q) = q**2 - 5. Give v(-6).
31
Let q(z) = 2*z + 2. Determine q(-3).
-4
Let t(k) = -6*k - 1. What is t(6)?
-37
Let t(p) = 10*p - 14. What is t(3)?
16
Let q(v) = 13*v**3 + 2*v**2 - v. Calculate q(1).
14
Let t(l) = -l**2 - 6*l - 2. Calculate t(-6).
-2
Let g(a) = -4*a + 1. Give g(3).
-11
Let x(g) = -24*g - 303. What is x(-13)?
9
Let x(s) = s**3 - 5*s**2 + 4*s - 4. Give x(4).
-4
Let b(x) = 75*x + 2. Calculate b(1).
77
Let g(j) = 4*j**3 + 2*j**2 - 1. What is g(1)?
5
Let p(d) = -d**2 + 6*d + 7. Calculate p(0).
7
Let y(s) = s**3 - 13*s**2 - 15*s + 13. What is y(14)?
-1
Let f(h) = -h + 3. Determine f(7).
-4
Let d(r) = r. Give d(3).
3
Let x(a) = -3*a**3 + 4*a**2 + 2. What is x(3)?
-43
Let k(u) = -u**3 + u**2 - u - 3. Determine k(-4).
81
Let o(w) = -w**3 + 5*w**2 - 3*w + 4. Determine o(4).
8
Let d(k) = k**3 + 15*k**2 + 16*k + 17. What is d(-14)?
-11
Let k(w) = 2*w**2 - w + 8. Calculate k(3).
23
Let y(w) = 4*w**2 + 65*w - 8. Determine y(-16).
-24
Let q(t) = 2*t**2 + 30*t + 34. What is q(-17)?
102
Let b(k) = 6*k**2 + 3. Give b(-1).
9
Let k(w) = w**3 - 11*w**2 + 26*w - 27. Calculate k(8).
-11
Let v(q) = -7*q - 11. What is v(-3)?
10
Let w(z) = z**3 - 9*z**2 + 11*z - 6. Calculate w(7).
-27
Let y(m) = -m**3 + 8*m**2 + 8*m + 4. What is y(9)?
-5
Let c(x) = -85*x - 682. Determine c(-8).
-2
Let i(x) = -x + 27. What is i(16)?
11
Let f(n) = 7*n - 7. Calculate f(6).
35
Let n(c) = -c + 7. What is n(11)?
-4
Let y(d) = d + 2. Determine y(1).
3
Let b(w) = -w**2 - 20*w - 23. Determine b(-19).
-4
Let o(u) = u - 10. Determine o(-7).
-17
Let r(d) = d**2 + 34*d + 294. What is r(-18)?
6
Let o(w) = -w**3 + 9*w**2 + 2*w - 3. What is o(9)?
15
Let s(w) = w**2 - 7*w - 1. Determine s(6).
-7
Let q(b) = 26*b - 305. Give q(12).
7
Let w(f) = f**3 - 4*f**2 - 11*f - 3. Determine w(6).
3
Let b(w) = -12*w + 71. Calculate b(8).
-25
Let t(r) = -2*r**2 - 17*r - 3. Determine t(-2).
23
Let b(t) = -t**2 - t - 2. Give b(-3).
-8
Let d(a) = -a**2 - 7*a + 25. Calculate d(-11).
-19
Let g(x) = -10*x + 4. Calculate g(3).
-26
Let a(m) = m**2 - 6*m - 2. Determine a(3).
-11
Let m(h) = -28*h + 49. Give m(2).
-7
Let c(a) = -9*a - 1. Determine c(-2).
17
Let m(s) = -s**2 + 4*s + 9. Calculate m(7).
-12
Let m(g) = -3*g**3 + g**2 + 2*g - 2. What is m(-2)?
22
Let i(f) = -f**3 + 30*f**2 + 63*f + 31. Determine i(32).
-1
Let o(q) = q**3 + 2*q**2 - 14*q - 5. Give o(3).
-2
Let i(h) = -h**3 - h**2 + 6*h - 2. Determine i(-3).
-2
Let i(c) = c**3 - c - 21. Give i(0).
-21
Let o(d) = -d**3 - 10*d**2 - 12*d - 11. Calculate o(-7).
-74
Let l(u) = -u**2 - 7*u - 3. What is l(-3)?
9
Let b(f) = 11*f - 6. Calculate b(4).
38
Let g(p) = 6*p - 2. Determine g(4).
22
Let g(f) = f**3 + 5*f**2 + 4*f - 5. What is g(-4)?
-5
Let j(h) = -h**2 - 7*h + 20. Calculate j(-9).
2
Let v(g) = -3*g**2 - g + 6. Determine v(0).
6
Let t(p) = -p**2 - 8*p + 17. Determine t(-10).
-3
Let l(i) = -i**3 + 5*i**2 + 6*i - 16. Give l(4).
24
Let p(f) = 7*f - 5. Calculate p(6).
37
Let z(n) = n**2 - 9*n - 23. Calculate z(-3).
13
Let b(r) = 2*r**2 + r - 18. Calculate b(3).
3
Let f(o) = -o - 7. Give f(2).
-9
Let y(n) = -n**2 + 10*n + 7. Calculate y(11).
-4
Let r(h) = -h**3 - 7*h**2 - 8*h + 22. Calculate r(-7).
78
Let i(s) = -s + 21. What is i(7)?
14
Let s(d) = -d**2 - 19*d - 56. Give s(-6).
22
Let x(w) = -w**3 + 22*w - 7. Give x(0).
-7
Let k(y) = 3*y - 8. Determine k(-4).
-20
Let y(w) = -8*w**2 + w + 2. Give y(-1).
-7
Let j(f) = -f**3 - 6*f**2 - 5. What is j(-5)?
-30
Let u(i) = -i**2 + 49*i - 380. Calculate u(10).
10
Let k(y) = 42*y - 13. Give k(-3).
-139
Let q(v) = 14*v + 579. Give q(-41).
5
Let t(y) = -y**2 + y + 10. Determine t(3).
4
Let q(a) = -6*a - 225. Give q(-31).
-39
Let r(w) = -3*w**2 + 32*w + 14. Determine r(14).
-126
Let o(q) = q + 10. What is o(1)?
11
Let x(b) = -15*b**2 + 2*b + 2. What is x(-2)?
-62
Let v(r) = 2*r**2 + 2*r + 4. What is v(-3)?
16
Let q(m) = m**3 - 3*m**2 - 1. What is q(3)?
-1
Let k(p) = -p**2 + 19*p - 29. Determine k(14).
41
Let p(u) = u**3 + u**2 + 27. Give p(0).
27
Let f(a) = -2*a + 26. Give f(8).
10
Let i(f) = f**2 - 9*f - 4. Give i(9).
-4
Let i(o) = 3*o + 23. Give i(-16).
-25
Let s(d) = -9*d - 24. Give s(-2).
-6
Let d(m) = 3*m**2 - 11*m + 12. Calculate d(8).
116
Let q(i) = i**3 + 5*i**2 - 14*i + 18. Give q(3).
48
Let k(d) = -d**3 + 13*d**2 - 14*d - 3. Give k(12).
-27
Let z(t) = -4*t - 23. Determine z(-4).
-7
Let y(n) = 14*n - 37. Calculate y(-5).
-107
Let p(q) = 45*q**2 + 10*q - 10. What is p(1)?
45
Let s(d) = -d**2 - 12*d + 111. Give s(-18).
3
Let y(f) = -f**3 + 8*f**2 - 12*f + 9. Calculate y(6).
9
Let q(z) = -z**3 + 17*z**2 - 15*z - 11. What is q(16)?
5
Let c(b) = -2*b**3 - 81*b**2 + 42*b + 47. Determine c(-41).
6
Let m(n) = -n**3 - 11*n**2 - 9*n - 3. What is m(-10)?
-13
Let x(o) = o**3 + 32*o**2 + 34*o + 100. Determine x(-31).
7
Let c(s) = -2*s**2 - 19*s - 11. Calculate c(-9).
-2
Let b(s) = s + 6. Calculate b(-3).
3
Let v(g) = g**2 - 13*g - 16. Give v(12).
-28
Let s(o) = -o - 21. What is s(-10)?
-11
Let a(x) = -3*x**2 - 9*x + 25. Calculate a(-5).
-5
Let h(d) = -27*d - 207. Calculate h(-8).
9
Let d(a) = -a**3 + 13*a**2 + a - 17. Determine d(13).
-4
Let f(w) = w**2 - 13*w + 29. Calculate f(4).
-7
Let b(w) = -w**2 + 21*w + 170. Calculate b(29).
-62
Let c(y) = -14*y + 44. Calculate c(6).
-40
Let w(y) = -121*y**3 - y**2 + y + 2. Calculate w(-1).
121
Let s(z) = z**3 + z**2 - z + 108. Give s(0).
108
Let m(v) = -4*v - 101. What is m(-23)?
-9
Let o(k) = 2*k**2 + 41*k + 168. Calculate o(-6).
-6
Let d(f) = f**2 + 6*f + 7. Determine d(-4).
-1
Let l(z) = z**3 + 4*z**2 - 7*z + 13. Determine l(-6).
-17
Let o(v) = 14*v**3 + 4. What is o(-2)?
-108
Let g(x) = -x**2 - 10. Calculate g(0).
-10
Let x(l) = -17*l + 92. Determine x(5).
7
Let q(n) = n**2 - 14*n - 57. Calculate q(14).
-57
Let z(h) = -4*h**2 - 15*h + 4. What is z(-5)?
-21
Let p(v) = -14*v - 6. Give p(-6).
78
Let f(a) = 20*a + 2. Give f(-2).
-38
Let g(v) = -v**2 + 22*v - 42. Calculate g(0).
-42
Let n(o) = -12*o**3 + 3*o**2 + 2*o - 3. Determine n(1).
-10
Let o(q) = q**3 + 7*q**2 + 2*q + 6. What is o(-4)?
46
Let m(z) = z**3 - 12*z**2 + 13*z - 6. What is m(11)?
16
Let w(z) = 5*z**2 - 82*z - 51. Determine w(17).
0
Let t(v) = v**3 - 6*v**2 + 8*v - 18. Give t(6).
30
Let n(a) = -a**2 + 12*a - 2. What is n(13)?
-15
Let b(a) = -a**3 - 9*a**2 - 2*a - 22. What is b(-9)?
-4
Let s(w) = -6*w + 79. Determine s(6).
43
Let y(c) = -c**2 - 2*c - 5. Determine y(0).
-5
Let r(t) = -2*t + 28.